D/AndroidRuntime( 9499):
D/AndroidRuntime( 9499): >>>>>> AndroidRuntime START com.android.internal.os.RuntimeInit <<<<<<
D/AndroidRuntime( 9499): CheckJNI is ON
D/dalvikvm( 9499): Trying to load lib libjavacore.so 0x0
D/dalvikvm( 9499): Added shared lib libjavacore.so 0x0
D/dalvikvm( 9499): Trying to load lib libnativehelper.so 0x0
D/dalvikvm( 9499): Added shared lib libnativehelper.so 0x0
D/dalvikvm( 9499): No JNI_OnLoad found in libnativehelper.so 0x0, skipping init
D/dalvikvm( 9499): Note: class Landroid/app/ActivityManagerNative; has 179 unimplemented (abstract) methods
E/memtrack( 9499): Couldn't load memtrack module (No such file or directory)
E/android.os.Debug( 9499): failed to load memtrack module: -2
D/AndroidRuntime( 9499): Calling main entry com.android.commands.pm.Pm
I/ActivityManager( 402): Force stopping org.qtproject.example.test_project appid=10136 user=-1: uninstall pkg
W/PackageManager( 402): Couldn't delete native library directory /data/app-lib/org.qtproject.example.test_project
D/keystore( 56): calling clear_uid in state: 3
I/ActivityManager( 402): Force stopping org.qtproject.example.test_project appid=10136 user=0: pkg removed
I/InputReader( 402): Reconfiguring input devices. changes=0x00000010
I/PackageManager( 402): Action: "android.intent.action.SENDTO"
I/PackageManager( 402): Adding preferred activity ComponentInfo{com.android.mms/com.android.mms.ui.ComposeMessageActivity} for user 0 :
I/PackageManager( 402): Category: "android.intent.category.DEFAULT"
I/PackageManager( 402): Scheme: "sms"
D/dalvikvm( 606): GC_EXPLICIT freed 470K, 31% free 6076K/8784K, paused 89ms+16ms, total 206ms
I/LatinIME:LogUtils( 583): Dictionary info: dictionary = main:en ; version = 42 ; date = 1381226429
D/dalvikvm( 402): GC_CONCURRENT freed 710K, 22% free 6009K/7696K, paused 142ms+5ms, total 224ms
I/PackageManager( 402): Action: "android.intent.action.SENDTO"
I/PackageManager( 402): Category: "android.intent.category.DEFAULT"
I/PackageManager( 402): Adding preferred activity ComponentInfo{com.android.mms/com.android.mms.ui.ComposeMessageActivity} for user 0 :
I/PackageManager( 402): Scheme: "smsto"
D/Documents( 1424): Used cached roots for com.android.providers.downloads.documents
D/BackupManagerService( 402): Received broadcast Intent { act=android.intent.action.PACKAGE_REMOVED dat=package:org.qtproject.example.test_project flg=0x4000010 (has extras) }
V/BackupManagerService( 402): removePackageParticipantsLocked: uid=10136 #1
I/PackageManager( 402): Action: "android.intent.action.SENDTO"
I/PackageManager( 402): Category: "android.intent.category.DEFAULT"
I/PackageManager( 402): Adding preferred activity ComponentInfo{com.android.mms/com.android.mms.ui.ComposeMessageActivity} for user 0 :
I/PackageManager( 402): Scheme: "mms"
I/PackageManager( 402): Action: "android.intent.action.SENDTO"
I/PackageManager( 402): Category: "android.intent.category.DEFAULT"
I/PackageManager( 402): Scheme: "mmsto"
I/PackageManager( 402): Adding preferred activity ComponentInfo{com.android.mms/com.android.mms.ui.ComposeMessageActivity} for user 0 :
I/PackageManager( 402): Action: "android.intent.action.SENDTO"
I/PackageManager( 402): Category: "android.intent.category.DEFAULT"
I/PackageManager( 402): Scheme: "sms"
I/PackageManager( 402): Adding preferred activity ComponentInfo{com.android.mms/com.android.mms.ui.ComposeMessageActivity} for user 0 :
D/dalvikvm( 595): GC_CONCURRENT freed 385K, 15% free 3398K/3968K, paused 4ms+2ms, total 128ms
I/PackageManager( 402): Action: "android.intent.action.SENDTO"
I/PackageManager( 402): Category: "android.intent.category.DEFAULT"
I/PackageManager( 402): Adding preferred activity ComponentInfo{com.android.mms/com.android.mms.ui.ComposeMessageActivity} for user 0 :
I/PackageManager( 402): Scheme: "smsto"
I/PackageManager( 402): Action: "android.intent.action.SENDTO"
I/PackageManager( 402): Category: "android.intent.category.DEFAULT"
I/PackageManager( 402): Adding preferred activity ComponentInfo{com.android.mms/com.android.mms.ui.ComposeMessageActivity} for user 0 :
I/PackageManager( 402): Scheme: "mms"
I/PackageManager( 402): Action: "android.intent.action.SENDTO"
I/PackageManager( 402): Category: "android.intent.category.DEFAULT"
I/PackageManager( 402): Scheme: "mmsto"
I/PackageManager( 402): Adding preferred activity ComponentInfo{com.android.mms/com.android.mms.ui.ComposeMessageActivity} for user 0 :
D/Documents( 1424): Loading roots for com.android.externalstorage.documents
D/VoicemailCleanupService( 668): Cleaning up data for package: org.qtproject.example.test_project
D/dalvikvm( 402): GC_CONCURRENT freed 760K, 23% free 5991K/7696K, paused 43ms+9ms, total 213ms
D/dalvikvm( 402): WAIT_FOR_CONCURRENT_GC blocked 37ms
D/MobileDataStateTracker( 402): default: setPolicyDataEnable(enabled=true)
D/Documents( 1424): Used cached roots for com.android.providers.media.documents
D/Documents( 1424): Update found 5 roots in 1091ms
W/ContextImpl( 1111): Calling a method in the system process without a qualified user: android.app.ContextImpl.startService:1479 android.content.ContextWrapper.startService:494 android.content.ContextWrapper.startService:494 com.android.keychain.KeyChainBroadcastReceiver.onReceive:12 android.app.ActivityThread.handleReceiver:2419
D/dalvikvm( 1424): GC_CONCURRENT freed 464K, 16% free 2876K/3420K, paused 4ms+2ms, total 91ms
D/dalvikvm( 402): GC_EXPLICIT freed 327K, 23% free 5961K/7696K, paused 298ms+13ms, total 655ms
D/AndroidRuntime( 9499): Shutting down VM
D/dalvikvm( 9499): GC_CONCURRENT freed 94K, 15% free 558K/656K, paused 1ms+1ms, total 20ms
D/MobileDataStateTracker( 402): default: setPolicyDataEnable(enabled=true)
D/MobileDataStateTracker( 402): default: setPolicyDataEnable(enabled=true)
D/MobileDataStateTracker( 402): default: setPolicyDataEnable(enabled=true)
D/AndroidRuntime( 9520):
D/AndroidRuntime( 9520): >>>>>> AndroidRuntime START com.android.internal.os.RuntimeInit <<<<<<
D/AndroidRuntime( 9520): CheckJNI is ON
D/dalvikvm( 9520): Trying to load lib libjavacore.so 0x0
D/dalvikvm( 9520): Added shared lib libjavacore.so 0x0
D/dalvikvm( 9520): Trying to load lib libnativehelper.so 0x0
D/dalvikvm( 9520): Added shared lib libnativehelper.so 0x0
D/dalvikvm( 9520): No JNI_OnLoad found in libnativehelper.so 0x0, skipping init
D/dalvikvm( 9520): Note: class Landroid/app/ActivityManagerNative; has 179 unimplemented (abstract) methods
E/memtrack( 9520): Couldn't load memtrack module (No such file or directory)
E/android.os.Debug( 9520): failed to load memtrack module: -2
D/AndroidRuntime( 9520): Calling main entry com.android.commands.pm.Pm
W/ActivityManager( 402): No content provider found for permission revoke: file:///data/local/tmp/QtApp-debug.apk
W/ActivityManager( 402): No content provider found for permission revoke: file:///data/local/tmp/QtApp-debug.apk
I/PackageManager( 402): Copying native libraries to /data/app-lib/vmdl1392063606
D/dalvikvm( 402): GC_CONCURRENT freed 620K, 22% free 6037K/7696K, paused 6ms+4ms, total 60ms
I/PackageManager( 402): Running dexopt on: org.qtproject.example.test_project
D/dalvikvm( 9532): DexOpt: load 65ms, verify+opt 148ms, 590364 bytes
I/ActivityManager( 402): Force stopping org.qtproject.example.test_project appid=10137 user=-1: update pkg
D/dalvikvm( 402): GC_CONCURRENT freed 722K, 22% free 6027K/7696K, paused 6ms+7ms, total 66ms
I/InputReader( 402): Reconfiguring input devices. changes=0x00000010
I/PackageManager( 402): Action: "android.intent.action.SENDTO"
I/PackageManager( 402): Category: "android.intent.category.DEFAULT"
I/PackageManager( 402): Adding preferred activity ComponentInfo{com.android.mms/com.android.mms.ui.ComposeMessageActivity} for user 0 :
I/PackageManager( 402): Scheme: "sms"
D/BackupManagerService( 402): Received broadcast Intent { act=android.intent.action.PACKAGE_ADDED dat=package:org.qtproject.example.test_project flg=0x4000010 (has extras) }
I/PackageManager( 402): Action: "android.intent.action.SENDTO"
I/PackageManager( 402): Category: "android.intent.category.DEFAULT"
I/PackageManager( 402): Scheme: "smsto"
I/PackageManager( 402): Adding preferred activity ComponentInfo{com.android.mms/com.android.mms.ui.ComposeMessageActivity} for user 0 :
V/BackupManagerService( 402): addPackageParticipantsLocked: #1
I/PackageManager( 402): Action: "android.intent.action.SENDTO"
I/PackageManager( 402): Category: "android.intent.category.DEFAULT"
I/PackageManager( 402): Scheme: "mms"
I/PackageManager( 402): Adding preferred activity ComponentInfo{com.android.mms/com.android.mms.ui.ComposeMessageActivity} for user 0 :
D/dalvikvm( 595): GC_CONCURRENT freed 510K, 16% free 3376K/3984K, paused 3ms+2ms, total 146ms
D/dalvikvm( 595): WAIT_FOR_CONCURRENT_GC blocked 45ms
I/PackageManager( 402): Action: "android.intent.action.SENDTO"
I/PackageManager( 402): Adding preferred activity ComponentInfo{com.android.mms/com.android.mms.ui.ComposeMessageActivity} for user 0 :
I/PackageManager( 402): Category: "android.intent.category.DEFAULT"
I/PackageManager( 402): Scheme: "mmsto"
I/PackageManager( 402): Action: "android.intent.action.SENDTO"
I/PackageManager( 402): Category: "android.intent.category.DEFAULT"
I/PackageManager( 402): Adding preferred activity ComponentInfo{com.android.mms/com.android.mms.ui.ComposeMessageActivity} for user 0 :
I/PackageManager( 402): Scheme: "sms"
I/PackageManager( 402): Action: "android.intent.action.SENDTO"
I/PackageManager( 402): Category: "android.intent.category.DEFAULT"
I/PackageManager( 402): Scheme: "smsto"
I/PackageManager( 402): Adding preferred activity ComponentInfo{com.android.mms/com.android.mms.ui.ComposeMessageActivity} for user 0 :
D/Documents( 1424): Used cached roots for com.android.providers.downloads.documents
D/Documents( 1424): Loading roots for com.android.externalstorage.documents
D/dalvikvm( 402): GC_EXPLICIT freed 874K, 23% free 5970K/7696K, paused 5ms+8ms, total 450ms
D/dalvikvm( 402): WAIT_FOR_CONCURRENT_GC blocked 87ms
D/AndroidRuntime( 9520): Shutting down VM
D/dalvikvm( 9520): GC_CONCURRENT freed 95K, 16% free 560K/660K, paused 3ms+1ms, total 29ms
I/PackageManager( 402): Action: "android.intent.action.SENDTO"
I/PackageManager( 402): Category: "android.intent.category.DEFAULT"
I/PackageManager( 402): Scheme: "mms"
I/PackageManager( 402): Adding preferred activity ComponentInfo{com.android.mms/com.android.mms.ui.ComposeMessageActivity} for user 0 :
I/PackageManager( 402): Action: "android.intent.action.SENDTO"
I/PackageManager( 402): Category: "android.intent.category.DEFAULT"
I/PackageManager( 402): Scheme: "mmsto"
I/PackageManager( 402): Adding preferred activity ComponentInfo{com.android.mms/com.android.mms.ui.ComposeMessageActivity} for user 0 :
D/dalvikvm( 595): GC_CONCURRENT freed 479K, 17% free 3318K/3984K, paused 2ms+2ms, total 35ms
D/dalvikvm( 606): GC_CONCURRENT freed 876K, 30% free 6177K/8784K, paused 4ms+15ms, total 75ms
D/Documents( 1424): Used cached roots for com.android.providers.media.documents
D/Documents( 1424): Update found 5 roots in 1195ms
W/RecognitionManagerService( 402): no available voice recognition services found for user 0
D/AndroidRuntime( 9541):
D/AndroidRuntime( 9541): >>>>>> AndroidRuntime START com.android.internal.os.RuntimeInit <<<<<<
D/AndroidRuntime( 9541): CheckJNI is ON
D/dalvikvm( 9541): Trying to load lib libjavacore.so 0x0
D/dalvikvm( 9541): Added shared lib libjavacore.so 0x0
D/dalvikvm( 9541): Trying to load lib libnativehelper.so 0x0
D/dalvikvm( 9541): Added shared lib libnativehelper.so 0x0
D/dalvikvm( 9541): No JNI_OnLoad found in libnativehelper.so 0x0, skipping init
D/dalvikvm( 9541): Note: class Landroid/app/ActivityManagerNative; has 179 unimplemented (abstract) methods
E/memtrack( 9541): Couldn't load memtrack module (No such file or directory)
E/android.os.Debug( 9541): failed to load memtrack module: -2
D/AndroidRuntime( 9541): Calling main entry com.android.commands.am.Am
I/ActivityManager( 402): Force stopping org.qtproject.example.test_project appid=10137 user=0: from pid 9541
D/AndroidRuntime( 9541): Shutting down VM
D/dalvikvm( 9541): GC_CONCURRENT freed 93K, 15% free 553K/648K, paused 1ms+2ms, total 24ms